{"id":806,"date":"2025-01-28T09:33:37","date_gmt":"2025-01-28T08:33:37","guid":{"rendered":"https:\/\/www.alsace-cce.com\/?post_type=tribe_events&#038;p=806"},"modified":"2025-01-28T11:20:16","modified_gmt":"2025-01-28T10:20:16","slug":"matinee-economique","status":"publish","type":"tribe_events","link":"https:\/\/www.alsace-cce.com\/index.php\/event\/matinee-economique\/","title":{"rendered":"Matin\u00e9e Economique"},"content":{"rendered":"<p>AU PROGRAMME :<\/p>\n<p><span style=\"font-size: large;\">10h\u00a0: caf\u00e9 d\u2019accueil<\/span><\/p>\n<p><span style=\"font-size: large;\">10h30 &#8211; 12h\u00a0: matin\u00e9e \u00e9conomique<\/span><\/p>\n<ul>\n<li><span style=\"font-size: large;\">Mot d\u2019introduction par Fr\u00e9d\u00e9ric Bierry, pr\u00e9sident de la CEA<\/span><\/li>\n<li><span style=\"font-size: large;\">Interventions de M. Laurent Sahuquet, directeur de la Banque de France<\/span><\/li>\n<\/ul>\n<ul>\n<li><span style=\"font-size: large;\">Perspectives \u00e9conomiques 2025 <\/span><\/li>\n<li><span style=\"font-size: large;\">Place des entreprises \u00e9trang\u00e8res dans l\u2019\u00e9conomie alsacienne<\/span><\/li>\n<\/ul>\n<ul>\n<li><span style=\"font-size: large;\">Expos\u00e9 de M. Joseph Grandgirard, directeur r\u00e9gional des douanes<\/span><\/li>\n<\/ul>\n<ul>\n<li><span style=\"font-size: large;\">Commerce ext\u00e9rieur de l\u2019Alsace\u00a0: Evolution des \u00e9changes r\u00e9gionaux<\/span><\/li>\n<li><span style=\"font-size: large;\">Les principaux pays partenaires de l\u2019Alsace en 2024<\/span><\/li>\n<\/ul>\n<p><span style=\"font-size: large;\">12h \u2013 13h30\u00a0: cocktail d\u00e9jeunatoire<\/span><\/p>\n","protected":false},"excerpt":{"rendered":"<p>AU PROGRAMME : 10h\u00a0: caf\u00e9 d\u2019accueil 10h30 &#8211; 12h\u00a0: matin\u00e9e \u00e9conomique Mot d\u2019introduction par Fr\u00e9d\u00e9ric Bierry, pr\u00e9sident de la CEA Interventions de M. Laurent Sahuquet, directeur de la Banque de [&hellip;]<\/p>\n","protected":false},"author":4,"featured_media":807,"comment_status":"open","ping_status":"closed","template":"","meta":{"_et_pb_use_builder":"","_et_pb_old_content":"","_et_gb_content_width":"","_tribe_events_status":"","_tribe_events_status_reason":"","footnotes":""},"tags":[],"tribe_events_cat":[],"class_list":["post-806","tribe_events","type-tribe_events","status-publish","has-post-thumbnail","hentry"],"yoast_head":"<!-- This site is optimized with the Yoast SEO plugin v24.2 - https:\/\/yoast.com\/wordpress\/plugins\/seo\/ -->\n<title>Matin\u00e9e Economique - grandestcnccef<\/title>\n<meta name=\"robots\" content=\"index, follow, max-snippet:-1, max-image-preview:large, max-video-preview:-1\" \/>\n<link rel=\"canonical\" href=\"https:\/\/www.alsace-cce.com\/index.php\/event\/matinee-economique\/\" \/>\n<meta property=\"og:locale\" content=\"fr_FR\" \/>\n<meta property=\"og:type\" content=\"article\" \/>\n<meta property=\"og:title\" content=\"Matin\u00e9e Economique - grandestcnccef\" \/>\n<meta property=\"og:description\" content=\"AU PROGRAMME : 10h\u00a0: caf\u00e9 d\u2019accueil 10h30 &#8211; 12h\u00a0: matin\u00e9e \u00e9conomique Mot d\u2019introduction par Fr\u00e9d\u00e9ric Bierry, pr\u00e9sident de la CEA Interventions de M. Laurent Sahuquet, directeur de la Banque de [&hellip;]\" \/>\n<meta property=\"og:url\" content=\"https:\/\/www.alsace-cce.com\/index.php\/event\/matinee-economique\/\" \/>\n<meta property=\"og:site_name\" content=\"grandestcnccef\" \/>\n<meta property=\"article:modified_time\" content=\"2025-01-28T10:20:16+00:00\" \/>\n<meta property=\"og:image\" content=\"https:\/\/www.alsace-cce.com\/wp-content\/uploads\/2025\/01\/SITE-CCE-VISUELS-EVENTS-MATINEE-ECO.jpg\" \/>\n\t<meta property=\"og:image:width\" content=\"1800\" \/>\n\t<meta property=\"og:image:height\" content=\"1273\" \/>\n\t<meta property=\"og:image:type\" content=\"image\/jpeg\" \/>\n<meta name=\"twitter:card\" content=\"summary_large_image\" \/>\n<meta name=\"twitter:label1\" content=\"Dur\u00e9e de lecture estim\u00e9e\" \/>\n\t<meta name=\"twitter:data1\" content=\"1 minute\" \/>\n<script type=\"application\/ld+json\" class=\"yoast-schema-graph\">{\"@context\":\"https:\/\/schema.org\",\"@graph\":[{\"@type\":\"WebPage\",\"@id\":\"https:\/\/www.alsace-cce.com\/index.php\/event\/matinee-economique\/\",\"url\":\"https:\/\/www.alsace-cce.com\/index.php\/event\/matinee-economique\/\",\"name\":\"Matin\u00e9e Economique - grandestcnccef\",\"isPartOf\":{\"@id\":\"https:\/\/www.alsace-cce.com\/#website\"},\"primaryImageOfPage\":{\"@id\":\"https:\/\/www.alsace-cce.com\/index.php\/event\/matinee-economique\/#primaryimage\"},\"image\":{\"@id\":\"https:\/\/www.alsace-cce.com\/index.php\/event\/matinee-economique\/#primaryimage\"},\"thumbnailUrl\":\"https:\/\/www.alsace-cce.com\/wp-content\/uploads\/2025\/01\/SITE-CCE-VISUELS-EVENTS-MATINEE-ECO.jpg\",\"datePublished\":\"2025-01-28T08:33:37+00:00\",\"dateModified\":\"2025-01-28T10:20:16+00:00\",\"breadcrumb\":{\"@id\":\"https:\/\/www.alsace-cce.com\/index.php\/event\/matinee-economique\/#breadcrumb\"},\"inLanguage\":\"fr-FR\",\"potentialAction\":[{\"@type\":\"ReadAction\",\"target\":[\"https:\/\/www.alsace-cce.com\/index.php\/event\/matinee-economique\/\"]}]},{\"@type\":\"ImageObject\",\"inLanguage\":\"fr-FR\",\"@id\":\"https:\/\/www.alsace-cce.com\/index.php\/event\/matinee-economique\/#primaryimage\",\"url\":\"https:\/\/www.alsace-cce.com\/wp-content\/uploads\/2025\/01\/SITE-CCE-VISUELS-EVENTS-MATINEE-ECO.jpg\",\"contentUrl\":\"https:\/\/www.alsace-cce.com\/wp-content\/uploads\/2025\/01\/SITE-CCE-VISUELS-EVENTS-MATINEE-ECO.jpg\",\"width\":1800,\"height\":1273},{\"@type\":\"BreadcrumbList\",\"@id\":\"https:\/\/www.alsace-cce.com\/index.php\/event\/matinee-economique\/#breadcrumb\",\"itemListElement\":[{\"@type\":\"ListItem\",\"position\":1,\"name\":\"Accueil\",\"item\":\"https:\/\/www.alsace-cce.com\/\"},{\"@type\":\"ListItem\",\"position\":2,\"name\":\"\u00c9v\u00e8nements\",\"item\":\"https:\/\/www.alsace-cce.com\/index.php\/events\/\"},{\"@type\":\"ListItem\",\"position\":3,\"name\":\"Matin\u00e9e Economique\"}]},{\"@type\":\"WebSite\",\"@id\":\"https:\/\/www.alsace-cce.com\/#website\",\"url\":\"https:\/\/www.alsace-cce.com\/\",\"name\":\"grandestcnccef\",\"description\":\"\",\"publisher\":{\"@id\":\"https:\/\/www.alsace-cce.com\/#organization\"},\"potentialAction\":[{\"@type\":\"SearchAction\",\"target\":{\"@type\":\"EntryPoint\",\"urlTemplate\":\"https:\/\/www.alsace-cce.com\/?s={search_term_string}\"},\"query-input\":{\"@type\":\"PropertyValueSpecification\",\"valueRequired\":true,\"valueName\":\"search_term_string\"}}],\"inLanguage\":\"fr-FR\"},{\"@type\":\"Organization\",\"@id\":\"https:\/\/www.alsace-cce.com\/#organization\",\"name\":\"CCE ALSACE\",\"url\":\"https:\/\/www.alsace-cce.com\/\",\"logo\":{\"@type\":\"ImageObject\",\"inLanguage\":\"fr-FR\",\"@id\":\"https:\/\/www.alsace-cce.com\/#\/schema\/logo\/image\/\",\"url\":\"https:\/\/www.alsace-cce.com\/wp-content\/uploads\/2024\/02\/logo-cce.png\",\"contentUrl\":\"https:\/\/www.alsace-cce.com\/wp-content\/uploads\/2024\/02\/logo-cce.png\",\"width\":256,\"height\":309,\"caption\":\"CCE ALSACE\"},\"image\":{\"@id\":\"https:\/\/www.alsace-cce.com\/#\/schema\/logo\/image\/\"}}]}<\/script>\n<!-- \/ Yoast SEO plugin. -->","yoast_head_json":{"title":"Matin\u00e9e Economique - grandestcnccef","robots":{"index":"index","follow":"follow","max-snippet":"max-snippet:-1","max-image-preview":"max-image-preview:large","max-video-preview":"max-video-preview:-1"},"canonical":"https:\/\/www.alsace-cce.com\/index.php\/event\/matinee-economique\/","og_locale":"fr_FR","og_type":"article","og_title":"Matin\u00e9e Economique - grandestcnccef","og_description":"AU PROGRAMME : 10h\u00a0: caf\u00e9 d\u2019accueil 10h30 &#8211; 12h\u00a0: matin\u00e9e \u00e9conomique Mot d\u2019introduction par Fr\u00e9d\u00e9ric Bierry, pr\u00e9sident de la CEA Interventions de M. Laurent Sahuquet, directeur de la Banque de [&hellip;]","og_url":"https:\/\/www.alsace-cce.com\/index.php\/event\/matinee-economique\/","og_site_name":"grandestcnccef","article_modified_time":"2025-01-28T10:20:16+00:00","og_image":[{"width":1800,"height":1273,"url":"https:\/\/www.alsace-cce.com\/wp-content\/uploads\/2025\/01\/SITE-CCE-VISUELS-EVENTS-MATINEE-ECO.jpg","type":"image\/jpeg"}],"twitter_card":"summary_large_image","twitter_misc":{"Dur\u00e9e de lecture estim\u00e9e":"1 minute"},"schema":{"@context":"https:\/\/schema.org","@graph":[{"@type":"WebPage","@id":"https:\/\/www.alsace-cce.com\/index.php\/event\/matinee-economique\/","url":"https:\/\/www.alsace-cce.com\/index.php\/event\/matinee-economique\/","name":"Matin\u00e9e Economique - grandestcnccef","isPartOf":{"@id":"https:\/\/www.alsace-cce.com\/#website"},"primaryImageOfPage":{"@id":"https:\/\/www.alsace-cce.com\/index.php\/event\/matinee-economique\/#primaryimage"},"image":{"@id":"https:\/\/www.alsace-cce.com\/index.php\/event\/matinee-economique\/#primaryimage"},"thumbnailUrl":"https:\/\/www.alsace-cce.com\/wp-content\/uploads\/2025\/01\/SITE-CCE-VISUELS-EVENTS-MATINEE-ECO.jpg","datePublished":"2025-01-28T08:33:37+00:00","dateModified":"2025-01-28T10:20:16+00:00","breadcrumb":{"@id":"https:\/\/www.alsace-cce.com\/index.php\/event\/matinee-economique\/#breadcrumb"},"inLanguage":"fr-FR","potentialAction":[{"@type":"ReadAction","target":["https:\/\/www.alsace-cce.com\/index.php\/event\/matinee-economique\/"]}]},{"@type":"ImageObject","inLanguage":"fr-FR","@id":"https:\/\/www.alsace-cce.com\/index.php\/event\/matinee-economique\/#primaryimage","url":"https:\/\/www.alsace-cce.com\/wp-content\/uploads\/2025\/01\/SITE-CCE-VISUELS-EVENTS-MATINEE-ECO.jpg","contentUrl":"https:\/\/www.alsace-cce.com\/wp-content\/uploads\/2025\/01\/SITE-CCE-VISUELS-EVENTS-MATINEE-ECO.jpg","width":1800,"height":1273},{"@type":"BreadcrumbList","@id":"https:\/\/www.alsace-cce.com\/index.php\/event\/matinee-economique\/#breadcrumb","itemListElement":[{"@type":"ListItem","position":1,"name":"Accueil","item":"https:\/\/www.alsace-cce.com\/"},{"@type":"ListItem","position":2,"name":"\u00c9v\u00e8nements","item":"https:\/\/www.alsace-cce.com\/index.php\/events\/"},{"@type":"ListItem","position":3,"name":"Matin\u00e9e Economique"}]},{"@type":"WebSite","@id":"https:\/\/www.alsace-cce.com\/#website","url":"https:\/\/www.alsace-cce.com\/","name":"grandestcnccef","description":"","publisher":{"@id":"https:\/\/www.alsace-cce.com\/#organization"},"potentialAction":[{"@type":"SearchAction","target":{"@type":"EntryPoint","urlTemplate":"https:\/\/www.alsace-cce.com\/?s={search_term_string}"},"query-input":{"@type":"PropertyValueSpecification","valueRequired":true,"valueName":"search_term_string"}}],"inLanguage":"fr-FR"},{"@type":"Organization","@id":"https:\/\/www.alsace-cce.com\/#organization","name":"CCE ALSACE","url":"https:\/\/www.alsace-cce.com\/","logo":{"@type":"ImageObject","inLanguage":"fr-FR","@id":"https:\/\/www.alsace-cce.com\/#\/schema\/logo\/image\/","url":"https:\/\/www.alsace-cce.com\/wp-content\/uploads\/2024\/02\/logo-cce.png","contentUrl":"https:\/\/www.alsace-cce.com\/wp-content\/uploads\/2024\/02\/logo-cce.png","width":256,"height":309,"caption":"CCE ALSACE"},"image":{"@id":"https:\/\/www.alsace-cce.com\/#\/schema\/logo\/image\/"}}]}},"_links":{"self":[{"href":"https:\/\/www.alsace-cce.com\/index.php\/wp-json\/wp\/v2\/tribe_events\/806","targetHints":{"allow":["GET"]}}],"collection":[{"href":"https:\/\/www.alsace-cce.com\/index.php\/wp-json\/wp\/v2\/tribe_events"}],"about":[{"href":"https:\/\/www.alsace-cce.com\/index.php\/wp-json\/wp\/v2\/types\/tribe_events"}],"author":[{"embeddable":true,"href":"https:\/\/www.alsace-cce.com\/index.php\/wp-json\/wp\/v2\/users\/4"}],"replies":[{"embeddable":true,"href":"https:\/\/www.alsace-cce.com\/index.php\/wp-json\/wp\/v2\/comments?post=806"}],"version-history":[{"count":3,"href":"https:\/\/www.alsace-cce.com\/index.php\/wp-json\/wp\/v2\/tribe_events\/806\/revisions"}],"predecessor-version":[{"id":812,"href":"https:\/\/www.alsace-cce.com\/index.php\/wp-json\/wp\/v2\/tribe_events\/806\/revisions\/812"}],"wp:featuredmedia":[{"embeddable":true,"href":"https:\/\/www.alsace-cce.com\/index.php\/wp-json\/wp\/v2\/media\/807"}],"wp:attachment":[{"href":"https:\/\/www.alsace-cce.com\/index.php\/wp-json\/wp\/v2\/media?parent=806"}],"wp:term":[{"taxonomy":"post_tag","embeddable":true,"href":"https:\/\/www.alsace-cce.com\/index.php\/wp-json\/wp\/v2\/tags?post=806"},{"taxonomy":"tribe_events_cat","embeddable":true,"href":"https:\/\/www.alsace-cce.com\/index.php\/wp-json\/wp\/v2\/tribe_events_cat?post=806"}],"curies":[{"name":"wp","href":"https:\/\/api.w.org\/{rel}","templated":true}]}}

Matinée Economique

<p>AU PROGRAMME :</p>
<p><span style="font-size: large;">10h : café d’accueil</span></p>
<p><span style="font-size: large;">10h30 &#8211; 12h : matinée économique</span></p>
<ul>
<li><span style="font-size: large;">Mot d’introduction par Frédéric Bierry, président de la CEA</span></li>
<li><span style="font-size: large;">Interventions de M. Laurent Sahuquet, directeur de la Banque de France</span></li>
</ul>
<ul>
<li><span style="font-size: large;">Perspectives économiques 2025 </span></li>
<li><span style="font-size: large;">Place des entreprises étrangères dans l’économie alsacienne</span></li>
</ul>
<ul>
<li><span style="font-size: large;">Exposé de M. Joseph Grandgirard, directeur régional des douanes</span></li>
</ul>
<ul>
<li><span style="font-size: large;">Commerce extérieur de l’Alsace : Evolution des échanges régionaux</span></li>
<li><span style="font-size: large;">Les principaux pays partenaires de l’Alsace en 2024</span></li>
</ul>
<p><span style="font-size: large;">12h – 13h30 : cocktail déjeunatoire</span></p>

<p>AU PROGRAMME : 10h : café d’accueil 10h30 &#8211; 12h : matinée économique Mot d’introduction par Frédéric Bierry, président de la CEA Interventions de M. Laurent Sahuquet, directeur de la Banque de [&hellip;]</p>

<!-- This site is optimized with the Yoast SEO plugin v24.2 - https://yoast.com/wordpress/plugins/seo/ -->
<title>Matinée Economique - grandestcnccef</title>
<meta name="robots" content="index, follow, max-snippet:-1, max-image-preview:large, max-video-preview:-1" />
<link rel="canonical" href="https://www.alsace-cce.com/index.php/event/matinee-economique/" />
<meta property="og:locale" content="fr_FR" />
<meta property="og:type" content="article" />
<meta property="og:title" content="Matinée Economique - grandestcnccef" />
<meta property="og:description" content="AU PROGRAMME : 10h : café d’accueil 10h30 &#8211; 12h : matinée économique Mot d’introduction par Frédéric Bierry, président de la CEA Interventions de M. Laurent Sahuquet, directeur de la Banque de [&hellip;]" />
<meta property="og:url" content="https://www.alsace-cce.com/index.php/event/matinee-economique/" />
<meta property="og:site_name" content="grandestcnccef" />
<meta property="article:modified_time" content="2025-01-28T10:20:16+00:00" />
<meta property="og:image" content="https://www.alsace-cce.com/wp-content/uploads/2025/01/SITE-CCE-VISUELS-EVENTS-MATINEE-ECO.jpg" />
	<meta property="og:image:width" content="1800" />
	<meta property="og:image:height" content="1273" />
	<meta property="og:image:type" content="image/jpeg" />
<meta name="twitter:card" content="summary_large_image" />
<meta name="twitter:label1" content="Durée de lecture estimée" />
	<meta name="twitter:data1" content="1 minute" />
<script type="application/ld+json" class="yoast-schema-graph">{"@context":"https://schema.org","@graph":[{"@type":"WebPage","@id":"https://www.alsace-cce.com/index.php/event/matinee-economique/","url":"https://www.alsace-cce.com/index.php/event/matinee-economique/","name":"Matinée Economique - grandestcnccef","isPartOf":{"@id":"https://www.alsace-cce.com/#website"},"primaryImageOfPage":{"@id":"https://www.alsace-cce.com/index.php/event/matinee-economique/#primaryimage"},"image":{"@id":"https://www.alsace-cce.com/index.php/event/matinee-economique/#primaryimage"},"thumbnailUrl":"https://www.alsace-cce.com/wp-content/uploads/2025/01/SITE-CCE-VISUELS-EVENTS-MATINEE-ECO.jpg","datePublished":"2025-01-28T08:33:37+00:00","dateModified":"2025-01-28T10:20:16+00:00","breadcrumb":{"@id":"https://www.alsace-cce.com/index.php/event/matinee-economique/#breadcrumb"},"inLanguage":"fr-FR","potentialAction":[{"@type":"ReadAction","target":["https://www.alsace-cce.com/index.php/event/matinee-economique/"]}]},{"@type":"ImageObject","inLanguage":"fr-FR","@id":"https://www.alsace-cce.com/index.php/event/matinee-economique/#primaryimage","url":"https://www.alsace-cce.com/wp-content/uploads/2025/01/SITE-CCE-VISUELS-EVENTS-MATINEE-ECO.jpg","contentUrl":"https://www.alsace-cce.com/wp-content/uploads/2025/01/SITE-CCE-VISUELS-EVENTS-MATINEE-ECO.jpg","width":1800,"height":1273},{"@type":"BreadcrumbList","@id":"https://www.alsace-cce.com/index.php/event/matinee-economique/#breadcrumb","itemListElement":[{"@type":"ListItem","position":1,"name":"Accueil","item":"https://www.alsace-cce.com/"},{"@type":"ListItem","position":2,"name":"Évènements","item":"https://www.alsace-cce.com/index.php/events/"},{"@type":"ListItem","position":3,"name":"Matinée Economique"}]},{"@type":"WebSite","@id":"https://www.alsace-cce.com/#website","url":"https://www.alsace-cce.com/","name":"grandestcnccef","description":"","publisher":{"@id":"https://www.alsace-cce.com/#organization"},"potentialAction":[{"@type":"SearchAction","target":{"@type":"EntryPoint","urlTemplate":"https://www.alsace-cce.com/?s={search_term_string}"},"query-input":{"@type":"PropertyValueSpecification","valueRequired":true,"valueName":"search_term_string"}}],"inLanguage":"fr-FR"},{"@type":"Organization","@id":"https://www.alsace-cce.com/#organization","name":"CCE ALSACE","url":"https://www.alsace-cce.com/","logo":{"@type":"ImageObject","inLanguage":"fr-FR","@id":"https://www.alsace-cce.com/#/schema/logo/image/","url":"https://www.alsace-cce.com/wp-content/uploads/2024/02/logo-cce.png","contentUrl":"https://www.alsace-cce.com/wp-content/uploads/2024/02/logo-cce.png","width":256,"height":309,"caption":"CCE ALSACE"},"image":{"@id":"https://www.alsace-cce.com/#/schema/logo/image/"}}]}</script>
<!-- / Yoast SEO plugin. -->

Matinée Economique - grandestcnccef

AU PROGRAMME : 10h : café d’accueil 10h30 &#8211; 12h : matinée économique Mot d’introduction par Frédéric Bierry, président de la CEA Interventions de M. Laurent Sahuquet, directeur de la Banque de [&hellip;]

Évènements
