{"id":516,"date":"2024-01-17T11:32:50","date_gmt":"2024-01-17T10:32:50","guid":{"rendered":"https:\/\/www.alsace-cce.com\/?post_type=tribe_events&#038;p=516"},"modified":"2024-02-22T10:20:11","modified_gmt":"2024-02-22T09:20:11","slug":"forum-industrie-du-futur-5-0","status":"publish","type":"tribe_events","link":"https:\/\/www.alsace-cce.com\/index.php\/event\/forum-industrie-du-futur-5-0\/","title":{"rendered":"Salon Industrie du Futur 5.0"},"content":{"rendered":"<h2 class=\"bloc-title bloc-title\"><span class=\"text pretitle bloc-accent text pretitle bloc-accent\"><span class=\"fieldval\"><span class=\"fieldtext\">2 jours de business, d&rsquo;\u00e9changes et d&rsquo;innovation<\/span><\/span><\/span><span class=\"text bloctitle text bloctitle\"><span class=\"fieldval\"><span class=\"fieldtext\">\u00ab\u00a0LEAD YOUR TRANSITIONS\u00a0\u00bb<\/span><\/span><\/span><\/h2>\n<div class=\"description description\"><span class=\"fieldval\"><span class=\"fieldtext\">Situ\u00e9 au c\u0153ur de la R\u00e9gion Grand Est, partenaire de la French Fab, le salon BE 5.0 Industries du Futur se tient \u00e0 Mulhouse, agglom\u00e9ration labellis\u00e9e Territoires d\u2019Industrie.\u00a0<\/span><\/span><\/p>\n<div>\n<div>\n<ul>\n<li>1\u00e8re r\u00e9gion fran\u00e7aise en mati\u00e8re d\u2019investissements industriels (automobile, \u00e9nergie, agro-alimentaire&#8230;), le Grand Est constitue le territoire de r\u00e9f\u00e9rence en mati\u00e8re d\u2019Advanced Manufacturing.<\/li>\n<\/ul>\n<ul>\n<li>Situ\u00e9 aux confluences des strat\u00e9gies fran\u00e7aises, allemandes (Industry 4.0) et suisses (Industry 2025) et orient\u00e9 business, BE 5.0 rassemble donc les fleurons de l\u2019industrie, les experts m\u00e9tiers et les start-up pour vous donner l\u2019opportunit\u00e9 de d\u00e9couvrir <span style=\"color: #cc3366;\"><b>des solutions technologiques, des nouveaut\u00e9s, des innovations\u2026\u00a0<\/b><\/span><\/li>\n<\/ul>\n<ul>\n<li>N\u00e9 de la volont\u00e9 des industriels de la r\u00e9gion mulhousienne de faire avancer l\u2019industrie du futur, BE 5.0 ne cesse de grandir et porte avec lui une communaut\u00e9 d\u2019industriels solide et dynamique.<\/li>\n<\/ul>\n<\/div>\n<\/div>\n<\/div>\n","protected":false},"excerpt":{"rendered":"<p>2 jours de business, d&rsquo;\u00e9changes et d&rsquo;innovation\u00ab\u00a0LEAD YOUR TRANSITIONS\u00a0\u00bb Situ\u00e9 au c\u0153ur de la R\u00e9gion Grand Est, partenaire de la French Fab, le salon BE 5.0 Industries du Futur se [&hellip;]<\/p>\n","protected":false},"author":2,"featured_media":597,"comment_status":"open","ping_status":"closed","template":"","meta":{"_et_pb_use_builder":"","_et_pb_old_content":"","_et_gb_content_width":"","_tribe_events_status":"","_tribe_events_status_reason":"","footnotes":""},"tags":[],"tribe_events_cat":[],"class_list":["post-516","tribe_events","type-tribe_events","status-publish","has-post-thumbnail","hentry"],"yoast_head":"<!-- This site is optimized with the Yoast SEO plugin v24.2 - https:\/\/yoast.com\/wordpress\/plugins\/seo\/ -->\n<title>Salon Industrie du Futur 5.0 - grandestcnccef<\/title>\n<meta name=\"robots\" content=\"index, follow, max-snippet:-1, max-image-preview:large, max-video-preview:-1\" \/>\n<link rel=\"canonical\" href=\"https:\/\/www.alsace-cce.com\/index.php\/event\/forum-industrie-du-futur-5-0\/\" \/>\n<meta property=\"og:locale\" content=\"fr_FR\" \/>\n<meta property=\"og:type\" content=\"article\" \/>\n<meta property=\"og:title\" content=\"Salon Industrie du Futur 5.0 - grandestcnccef\" \/>\n<meta property=\"og:description\" content=\"2 jours de business, d&rsquo;\u00e9changes et d&rsquo;innovation\u00ab\u00a0LEAD YOUR TRANSITIONS\u00a0\u00bb Situ\u00e9 au c\u0153ur de la R\u00e9gion Grand Est, partenaire de la French Fab, le salon BE 5.0 Industries du Futur se [&hellip;]\" \/>\n<meta property=\"og:url\" content=\"https:\/\/www.alsace-cce.com\/index.php\/event\/forum-industrie-du-futur-5-0\/\" \/>\n<meta property=\"og:site_name\" content=\"grandestcnccef\" \/>\n<meta property=\"article:modified_time\" content=\"2024-02-22T09:20:11+00:00\" \/>\n<meta property=\"og:image\" content=\"https:\/\/www.alsace-cce.com\/wp-content\/uploads\/2024\/01\/1800-1273-max-4.jpg\" \/>\n\t<meta property=\"og:image:width\" content=\"1800\" \/>\n\t<meta property=\"og:image:height\" content=\"1273\" \/>\n\t<meta property=\"og:image:type\" content=\"image\/jpeg\" \/>\n<meta name=\"twitter:card\" content=\"summary_large_image\" \/>\n<meta name=\"twitter:label1\" content=\"Dur\u00e9e de lecture estim\u00e9e\" \/>\n\t<meta name=\"twitter:data1\" content=\"1 minute\" \/>\n<script type=\"application\/ld+json\" class=\"yoast-schema-graph\">{\"@context\":\"https:\/\/schema.org\",\"@graph\":[{\"@type\":\"WebPage\",\"@id\":\"https:\/\/www.alsace-cce.com\/index.php\/event\/forum-industrie-du-futur-5-0\/\",\"url\":\"https:\/\/www.alsace-cce.com\/index.php\/event\/forum-industrie-du-futur-5-0\/\",\"name\":\"Salon Industrie du Futur 5.0 - grandestcnccef\",\"isPartOf\":{\"@id\":\"https:\/\/www.alsace-cce.com\/#website\"},\"primaryImageOfPage\":{\"@id\":\"https:\/\/www.alsace-cce.com\/index.php\/event\/forum-industrie-du-futur-5-0\/#primaryimage\"},\"image\":{\"@id\":\"https:\/\/www.alsace-cce.com\/index.php\/event\/forum-industrie-du-futur-5-0\/#primaryimage\"},\"thumbnailUrl\":\"https:\/\/www.alsace-cce.com\/wp-content\/uploads\/2024\/01\/1800-1273-max-4.jpg\",\"datePublished\":\"2024-01-17T10:32:50+00:00\",\"dateModified\":\"2024-02-22T09:20:11+00:00\",\"breadcrumb\":{\"@id\":\"https:\/\/www.alsace-cce.com\/index.php\/event\/forum-industrie-du-futur-5-0\/#breadcrumb\"},\"inLanguage\":\"fr-FR\",\"potentialAction\":[{\"@type\":\"ReadAction\",\"target\":[\"https:\/\/www.alsace-cce.com\/index.php\/event\/forum-industrie-du-futur-5-0\/\"]}]},{\"@type\":\"ImageObject\",\"inLanguage\":\"fr-FR\",\"@id\":\"https:\/\/www.alsace-cce.com\/index.php\/event\/forum-industrie-du-futur-5-0\/#primaryimage\",\"url\":\"https:\/\/www.alsace-cce.com\/wp-content\/uploads\/2024\/01\/1800-1273-max-4.jpg\",\"contentUrl\":\"https:\/\/www.alsace-cce.com\/wp-content\/uploads\/2024\/01\/1800-1273-max-4.jpg\",\"width\":1800,\"height\":1273},{\"@type\":\"BreadcrumbList\",\"@id\":\"https:\/\/www.alsace-cce.com\/index.php\/event\/forum-industrie-du-futur-5-0\/#breadcrumb\",\"itemListElement\":[{\"@type\":\"ListItem\",\"position\":1,\"name\":\"Accueil\",\"item\":\"https:\/\/www.alsace-cce.com\/\"},{\"@type\":\"ListItem\",\"position\":2,\"name\":\"\u00c9v\u00e8nements\",\"item\":\"https:\/\/www.alsace-cce.com\/index.php\/events\/\"},{\"@type\":\"ListItem\",\"position\":3,\"name\":\"Salon Industrie du Futur 5.0\"}]},{\"@type\":\"WebSite\",\"@id\":\"https:\/\/www.alsace-cce.com\/#website\",\"url\":\"https:\/\/www.alsace-cce.com\/\",\"name\":\"grandestcnccef\",\"description\":\"\",\"publisher\":{\"@id\":\"https:\/\/www.alsace-cce.com\/#organization\"},\"potentialAction\":[{\"@type\":\"SearchAction\",\"target\":{\"@type\":\"EntryPoint\",\"urlTemplate\":\"https:\/\/www.alsace-cce.com\/?s={search_term_string}\"},\"query-input\":{\"@type\":\"PropertyValueSpecification\",\"valueRequired\":true,\"valueName\":\"search_term_string\"}}],\"inLanguage\":\"fr-FR\"},{\"@type\":\"Organization\",\"@id\":\"https:\/\/www.alsace-cce.com\/#organization\",\"name\":\"CCE ALSACE\",\"url\":\"https:\/\/www.alsace-cce.com\/\",\"logo\":{\"@type\":\"ImageObject\",\"inLanguage\":\"fr-FR\",\"@id\":\"https:\/\/www.alsace-cce.com\/#\/schema\/logo\/image\/\",\"url\":\"https:\/\/www.alsace-cce.com\/wp-content\/uploads\/2024\/02\/logo-cce.png\",\"contentUrl\":\"https:\/\/www.alsace-cce.com\/wp-content\/uploads\/2024\/02\/logo-cce.png\",\"width\":256,\"height\":309,\"caption\":\"CCE ALSACE\"},\"image\":{\"@id\":\"https:\/\/www.alsace-cce.com\/#\/schema\/logo\/image\/\"}}]}<\/script>\n<!-- \/ Yoast SEO plugin. -->","yoast_head_json":{"title":"Salon Industrie du Futur 5.0 - grandestcnccef","robots":{"index":"index","follow":"follow","max-snippet":"max-snippet:-1","max-image-preview":"max-image-preview:large","max-video-preview":"max-video-preview:-1"},"canonical":"https:\/\/www.alsace-cce.com\/index.php\/event\/forum-industrie-du-futur-5-0\/","og_locale":"fr_FR","og_type":"article","og_title":"Salon Industrie du Futur 5.0 - grandestcnccef","og_description":"2 jours de business, d&rsquo;\u00e9changes et d&rsquo;innovation\u00ab\u00a0LEAD YOUR TRANSITIONS\u00a0\u00bb Situ\u00e9 au c\u0153ur de la R\u00e9gion Grand Est, partenaire de la French Fab, le salon BE 5.0 Industries du Futur se [&hellip;]","og_url":"https:\/\/www.alsace-cce.com\/index.php\/event\/forum-industrie-du-futur-5-0\/","og_site_name":"grandestcnccef","article_modified_time":"2024-02-22T09:20:11+00:00","og_image":[{"width":1800,"height":1273,"url":"https:\/\/www.alsace-cce.com\/wp-content\/uploads\/2024\/01\/1800-1273-max-4.jpg","type":"image\/jpeg"}],"twitter_card":"summary_large_image","twitter_misc":{"Dur\u00e9e de lecture estim\u00e9e":"1 minute"},"schema":{"@context":"https:\/\/schema.org","@graph":[{"@type":"WebPage","@id":"https:\/\/www.alsace-cce.com\/index.php\/event\/forum-industrie-du-futur-5-0\/","url":"https:\/\/www.alsace-cce.com\/index.php\/event\/forum-industrie-du-futur-5-0\/","name":"Salon Industrie du Futur 5.0 - grandestcnccef","isPartOf":{"@id":"https:\/\/www.alsace-cce.com\/#website"},"primaryImageOfPage":{"@id":"https:\/\/www.alsace-cce.com\/index.php\/event\/forum-industrie-du-futur-5-0\/#primaryimage"},"image":{"@id":"https:\/\/www.alsace-cce.com\/index.php\/event\/forum-industrie-du-futur-5-0\/#primaryimage"},"thumbnailUrl":"https:\/\/www.alsace-cce.com\/wp-content\/uploads\/2024\/01\/1800-1273-max-4.jpg","datePublished":"2024-01-17T10:32:50+00:00","dateModified":"2024-02-22T09:20:11+00:00","breadcrumb":{"@id":"https:\/\/www.alsace-cce.com\/index.php\/event\/forum-industrie-du-futur-5-0\/#breadcrumb"},"inLanguage":"fr-FR","potentialAction":[{"@type":"ReadAction","target":["https:\/\/www.alsace-cce.com\/index.php\/event\/forum-industrie-du-futur-5-0\/"]}]},{"@type":"ImageObject","inLanguage":"fr-FR","@id":"https:\/\/www.alsace-cce.com\/index.php\/event\/forum-industrie-du-futur-5-0\/#primaryimage","url":"https:\/\/www.alsace-cce.com\/wp-content\/uploads\/2024\/01\/1800-1273-max-4.jpg","contentUrl":"https:\/\/www.alsace-cce.com\/wp-content\/uploads\/2024\/01\/1800-1273-max-4.jpg","width":1800,"height":1273},{"@type":"BreadcrumbList","@id":"https:\/\/www.alsace-cce.com\/index.php\/event\/forum-industrie-du-futur-5-0\/#breadcrumb","itemListElement":[{"@type":"ListItem","position":1,"name":"Accueil","item":"https:\/\/www.alsace-cce.com\/"},{"@type":"ListItem","position":2,"name":"\u00c9v\u00e8nements","item":"https:\/\/www.alsace-cce.com\/index.php\/events\/"},{"@type":"ListItem","position":3,"name":"Salon Industrie du Futur 5.0"}]},{"@type":"WebSite","@id":"https:\/\/www.alsace-cce.com\/#website","url":"https:\/\/www.alsace-cce.com\/","name":"grandestcnccef","description":"","publisher":{"@id":"https:\/\/www.alsace-cce.com\/#organization"},"potentialAction":[{"@type":"SearchAction","target":{"@type":"EntryPoint","urlTemplate":"https:\/\/www.alsace-cce.com\/?s={search_term_string}"},"query-input":{"@type":"PropertyValueSpecification","valueRequired":true,"valueName":"search_term_string"}}],"inLanguage":"fr-FR"},{"@type":"Organization","@id":"https:\/\/www.alsace-cce.com\/#organization","name":"CCE ALSACE","url":"https:\/\/www.alsace-cce.com\/","logo":{"@type":"ImageObject","inLanguage":"fr-FR","@id":"https:\/\/www.alsace-cce.com\/#\/schema\/logo\/image\/","url":"https:\/\/www.alsace-cce.com\/wp-content\/uploads\/2024\/02\/logo-cce.png","contentUrl":"https:\/\/www.alsace-cce.com\/wp-content\/uploads\/2024\/02\/logo-cce.png","width":256,"height":309,"caption":"CCE ALSACE"},"image":{"@id":"https:\/\/www.alsace-cce.com\/#\/schema\/logo\/image\/"}}]}},"_links":{"self":[{"href":"https:\/\/www.alsace-cce.com\/index.php\/wp-json\/wp\/v2\/tribe_events\/516","targetHints":{"allow":["GET"]}}],"collection":[{"href":"https:\/\/www.alsace-cce.com\/index.php\/wp-json\/wp\/v2\/tribe_events"}],"about":[{"href":"https:\/\/www.alsace-cce.com\/index.php\/wp-json\/wp\/v2\/types\/tribe_events"}],"author":[{"embeddable":true,"href":"https:\/\/www.alsace-cce.com\/index.php\/wp-json\/wp\/v2\/users\/2"}],"replies":[{"embeddable":true,"href":"https:\/\/www.alsace-cce.com\/index.php\/wp-json\/wp\/v2\/comments?post=516"}],"version-history":[{"count":4,"href":"https:\/\/www.alsace-cce.com\/index.php\/wp-json\/wp\/v2\/tribe_events\/516\/revisions"}],"predecessor-version":[{"id":773,"href":"https:\/\/www.alsace-cce.com\/index.php\/wp-json\/wp\/v2\/tribe_events\/516\/revisions\/773"}],"wp:featuredmedia":[{"embeddable":true,"href":"https:\/\/www.alsace-cce.com\/index.php\/wp-json\/wp\/v2\/media\/597"}],"wp:attachment":[{"href":"https:\/\/www.alsace-cce.com\/index.php\/wp-json\/wp\/v2\/media?parent=516"}],"wp:term":[{"taxonomy":"post_tag","embeddable":true,"href":"https:\/\/www.alsace-cce.com\/index.php\/wp-json\/wp\/v2\/tags?post=516"},{"taxonomy":"tribe_events_cat","embeddable":true,"href":"https:\/\/www.alsace-cce.com\/index.php\/wp-json\/wp\/v2\/tribe_events_cat?post=516"}],"curies":[{"name":"wp","href":"https:\/\/api.w.org\/{rel}","templated":true}]}}

<h2 class="bloc-title bloc-title"><span class="text pretitle bloc-accent text pretitle bloc-accent"><span class="fieldval"><span class="fieldtext">2 jours de business, d&rsquo;échanges et d&rsquo;innovation</span></span></span><span class="text bloctitle text bloctitle"><span class="fieldval"><span class="fieldtext">« LEAD YOUR TRANSITIONS »</span></span></span></h2>
<div class="description description"><span class="fieldval"><span class="fieldtext">Situé au cœur de la Région Grand Est, partenaire de la French Fab, le salon BE 5.0 Industries du Futur se tient à Mulhouse, agglomération labellisée Territoires d’Industrie. </span></span></p>
<div>
<div>
<ul>
<li>1ère région française en matière d’investissements industriels (automobile, énergie, agro-alimentaire&#8230;), le Grand Est constitue le territoire de référence en matière d’Advanced Manufacturing.</li>
</ul>
<ul>
<li>Situé aux confluences des stratégies françaises, allemandes (Industry 4.0) et suisses (Industry 2025) et orienté business, BE 5.0 rassemble donc les fleurons de l’industrie, les experts métiers et les start-up pour vous donner l’opportunité de découvrir <span style="color: #cc3366;"><b>des solutions technologiques, des nouveautés, des innovations… </b></span></li>
</ul>
<ul>
<li>Né de la volonté des industriels de la région mulhousienne de faire avancer l’industrie du futur, BE 5.0 ne cesse de grandir et porte avec lui une communauté d’industriels solide et dynamique.</li>
</ul>
</div>
</div>
</div>

<p>2 jours de business, d&rsquo;échanges et d&rsquo;innovation« LEAD YOUR TRANSITIONS » Situé au cœur de la Région Grand Est, partenaire de la French Fab, le salon BE 5.0 Industries du Futur se [&hellip;]</p>

<!-- This site is optimized with the Yoast SEO plugin v24.2 - https://yoast.com/wordpress/plugins/seo/ -->
<title>Salon Industrie du Futur 5.0 - grandestcnccef</title>
<meta name="robots" content="index, follow, max-snippet:-1, max-image-preview:large, max-video-preview:-1" />
<link rel="canonical" href="https://www.alsace-cce.com/index.php/event/forum-industrie-du-futur-5-0/" />
<meta property="og:locale" content="fr_FR" />
<meta property="og:type" content="article" />
<meta property="og:title" content="Salon Industrie du Futur 5.0 - grandestcnccef" />
<meta property="og:description" content="2 jours de business, d&rsquo;échanges et d&rsquo;innovation« LEAD YOUR TRANSITIONS » Situé au cœur de la Région Grand Est, partenaire de la French Fab, le salon BE 5.0 Industries du Futur se [&hellip;]" />
<meta property="og:url" content="https://www.alsace-cce.com/index.php/event/forum-industrie-du-futur-5-0/" />
<meta property="og:site_name" content="grandestcnccef" />
<meta property="article:modified_time" content="2024-02-22T09:20:11+00:00" />
<meta property="og:image" content="https://www.alsace-cce.com/wp-content/uploads/2024/01/1800-1273-max-4.jpg" />
	<meta property="og:image:width" content="1800" />
	<meta property="og:image:height" content="1273" />
	<meta property="og:image:type" content="image/jpeg" />
<meta name="twitter:card" content="summary_large_image" />
<meta name="twitter:label1" content="Durée de lecture estimée" />
	<meta name="twitter:data1" content="1 minute" />
<script type="application/ld+json" class="yoast-schema-graph">{"@context":"https://schema.org","@graph":[{"@type":"WebPage","@id":"https://www.alsace-cce.com/index.php/event/forum-industrie-du-futur-5-0/","url":"https://www.alsace-cce.com/index.php/event/forum-industrie-du-futur-5-0/","name":"Salon Industrie du Futur 5.0 - grandestcnccef","isPartOf":{"@id":"https://www.alsace-cce.com/#website"},"primaryImageOfPage":{"@id":"https://www.alsace-cce.com/index.php/event/forum-industrie-du-futur-5-0/#primaryimage"},"image":{"@id":"https://www.alsace-cce.com/index.php/event/forum-industrie-du-futur-5-0/#primaryimage"},"thumbnailUrl":"https://www.alsace-cce.com/wp-content/uploads/2024/01/1800-1273-max-4.jpg","datePublished":"2024-01-17T10:32:50+00:00","dateModified":"2024-02-22T09:20:11+00:00","breadcrumb":{"@id":"https://www.alsace-cce.com/index.php/event/forum-industrie-du-futur-5-0/#breadcrumb"},"inLanguage":"fr-FR","potentialAction":[{"@type":"ReadAction","target":["https://www.alsace-cce.com/index.php/event/forum-industrie-du-futur-5-0/"]}]},{"@type":"ImageObject","inLanguage":"fr-FR","@id":"https://www.alsace-cce.com/index.php/event/forum-industrie-du-futur-5-0/#primaryimage","url":"https://www.alsace-cce.com/wp-content/uploads/2024/01/1800-1273-max-4.jpg","contentUrl":"https://www.alsace-cce.com/wp-content/uploads/2024/01/1800-1273-max-4.jpg","width":1800,"height":1273},{"@type":"BreadcrumbList","@id":"https://www.alsace-cce.com/index.php/event/forum-industrie-du-futur-5-0/#breadcrumb","itemListElement":[{"@type":"ListItem","position":1,"name":"Accueil","item":"https://www.alsace-cce.com/"},{"@type":"ListItem","position":2,"name":"Évènements","item":"https://www.alsace-cce.com/index.php/events/"},{"@type":"ListItem","position":3,"name":"Salon Industrie du Futur 5.0"}]},{"@type":"WebSite","@id":"https://www.alsace-cce.com/#website","url":"https://www.alsace-cce.com/","name":"grandestcnccef","description":"","publisher":{"@id":"https://www.alsace-cce.com/#organization"},"potentialAction":[{"@type":"SearchAction","target":{"@type":"EntryPoint","urlTemplate":"https://www.alsace-cce.com/?s={search_term_string}"},"query-input":{"@type":"PropertyValueSpecification","valueRequired":true,"valueName":"search_term_string"}}],"inLanguage":"fr-FR"},{"@type":"Organization","@id":"https://www.alsace-cce.com/#organization","name":"CCE ALSACE","url":"https://www.alsace-cce.com/","logo":{"@type":"ImageObject","inLanguage":"fr-FR","@id":"https://www.alsace-cce.com/#/schema/logo/image/","url":"https://www.alsace-cce.com/wp-content/uploads/2024/02/logo-cce.png","contentUrl":"https://www.alsace-cce.com/wp-content/uploads/2024/02/logo-cce.png","width":256,"height":309,"caption":"CCE ALSACE"},"image":{"@id":"https://www.alsace-cce.com/#/schema/logo/image/"}}]}</script>
<!-- / Yoast SEO plugin. -->

2 jours de business, d&rsquo;échanges et d&rsquo;innovation« LEAD YOUR TRANSITIONS » Situé au cœur de la Région Grand Est, partenaire de la French Fab, le salon BE 5.0 Industries du Futur se [&hellip;]

Évènements
